{"id":67,"date":"2022-10-23T09:33:25","date_gmt":"2022-10-23T09:33:25","guid":{"rendered":"https:\/\/logopaedie-berger.at\/?page_id=67"},"modified":"2022-10-24T16:43:38","modified_gmt":"2022-10-24T16:43:38","slug":"fortbildungen","status":"publish","type":"page","link":"https:\/\/logopaedie-berger.at\/index.php\/fortbildungen\/","title":{"rendered":"Fortbildungen"},"content":{"rendered":"\n<p>seit 2003 \u2013 2019 j\u00e4hrliche Reanimationsschulungen\u00a0<\/p>\n\n\n\n<p>seit 2003 \u2013 2019 alle drei Jahre Brandschutz\u00fcbungen\u00a0<\/p>\n\n\n\n<p>seit 2003 \u2013 20019 j\u00e4hrliche Vortragst\u00e4tigkeit in der Krankenpflegeschule der Elisabethinen<\/p>\n\n\n\n<p>2004 \u2013 \u201eDer schwierige Patient\u201c \u2013 A.\u00f6. Krankenhaus der Elisabethinen&nbsp;<\/p>\n\n\n\n<p>20\/2004 -Systemorientiertes kognitives Training\/ Ged\u00e4chtnistraining nach Schlaganfall&nbsp;<\/p>\n\n\n\n<p>03\/2005 \u2013 Konfliktmanagement&nbsp;<\/p>\n\n\n\n<p>04\/2005 \u2013 Halsatmer und Kehlkopflose&nbsp;<\/p>\n\n\n\n<p>04\/2005 \u2013 Manuelle Stimmtherapie&nbsp;<\/p>\n\n\n\n<p>04\/2005 \u2013 Energieseminar<\/p>\n\n\n\n<p>01\/2006 \u2013 Logop\u00e4dische Therapie bei zentral bedingten oralmotorischen St\u00f6rungen&nbsp;<\/p>\n\n\n\n<p>11\/2010 und 02\/2011 \u2013 Literatursuche und Evidence Based Medicine f\u00fcr MTD`S\u201c&nbsp;<\/p>\n\n\n\n<p>06\/2011 \u2013 Hygiene und Sicherheitsschulung<\/p>\n\n\n\n<p>&nbsp;11\/2011 \u2013 Logop\u00e4die in der Geriatrie \u2013 Schwerpunkt Schluckst\u00f6rung&nbsp;<\/p>\n\n\n\n<p>11\/2011 \u2013 Tracheostomie<\/p>\n\n\n\n<p>&nbsp;02\/2012 \u2013 Fr\u00fchrehabilitation in der Intensivmedizin Innsbruck&nbsp;<\/p>\n\n\n\n<p>05\/2012 \u2013 Kognitiven Dysphasien<\/p>\n\n\n\n<p>05\/2012 \u2013 Katastrophenschulung&nbsp;<\/p>\n\n\n\n<p>09\/2012 \u2013 Integra Messe \u201eSprache und Demenz\u201c&nbsp;<\/p>\n\n\n\n<p>09\/2012 \u2013 Integra Messe \u201eNeurologisch bedingte Schluckst\u00f6rungen und ihre Auswirkungen auf den Pflege- und Betreuungsdienst\u201c&nbsp;<\/p>\n\n\n\n<p>11\/2012 \u2013 Stimmerkrankungen bei Schauspieler und S\u00e4nger<br>\u00d6sterreichische Gesellschaft f\u00fcr Logop\u00e4die ,Phoniatrie und P\u00e4daudiologie&nbsp;<\/p>\n\n\n\n<p>06\/2013 \u2013 Referenztreffen der Institute f\u00fcr Physikalische Medizin und Rehabilitation des LKH Steyr bzw. KH Elisabethinen Linz&nbsp;<\/p>\n\n\n\n<p>01\/2014 \u2013 Fachtag Therapie Wien&nbsp;<\/p>\n\n\n\n<p>09\/2014 \u2013 Sprache und Demenz&nbsp;<\/p>\n\n\n\n<p>11\/2014 \u2013 Demenz \u2013Eine Herausforderung in der therapeutischen Berufswelt&nbsp;<\/p>\n\n\n\n<p>01\/2015 \u2013 Fachtag Therapie Wien&nbsp;<\/p>\n\n\n\n<p>04\/2015 \u2013 Dysphagie Kongress Regensburg&nbsp;<\/p>\n\n\n\n<p>11\/2015 \u2013 Zwerchfell<br>KH Elisabethinen Linz&nbsp;<\/p>\n\n\n\n<p>06\/2016 \u2013 Zertifikat Arbeitssicherheit und Gesundheitsschutz KH Elisabethinen Linz&nbsp;<\/p>\n\n\n\n<p>09\/2016 \u2013 Resilienztraining&nbsp;<\/p>\n\n\n\n<p>10\/2016 \u2013 Trachealkan\u00fclenweaning und therapeutisches Absaugen&nbsp;<\/p>\n\n\n\n<p>10\/2016 \u2013 Interkulturelle Kompetenz\/Wertearbeit&nbsp;<\/p>\n\n\n\n<p>11\/2016 \u2013 Manuelle Schlucktherapie Teil 1&#038;2<\/p>\n\n\n\n<p>05\/2017 \u2013 \u201eDas neue Alt\u201c Vortag Demenz isst anders (Luzia Berger)<\/p>\n\n\n\n<p>02\/2018 \u2013 Die Sozialdienstleister im Gespr\u00e4ch Vortag Demenz isst anders (Luzia Berger)<\/p>\n\n\n\n<p>09\/2019 : Mobilisation von Patienten<\/p>\n\n\n\n<p>09\/2019: Symposium : 10 Jahre Akutgeriatrie Elisabethinen<\/p>\n\n\n\n<p>09\/ 2019 : Palliative Logop\u00e4die am Beispiel neurologischer Erkrankungen&nbsp;<\/p>\n\n\n\n<p>10\/2019 : Dysphagiediagnostik und Therapie bei neurologischen Erkrankungen : ALS, MS; Morbus Parkinson, Chorea Huntington, Myasthenia Gravis&nbsp;<\/p>\n\n\n\n<p>11\/2019 : Das i-Pad in der Logop\u00e4die&nbsp;<\/p>\n\n\n\n<p>11\/2019 : Open Lectur \u2013 Manuelle Schlucktherapie &nbsp; &nbsp; &nbsp; &nbsp; &nbsp; &nbsp; &nbsp; &nbsp; &nbsp; &nbsp;<\/p>\n\n\n\n<p>10\/2020 : logoTalk Ausatemtrainer in der Dysphagietherapie f\u00fcr einen effizienten Hustensto\u00df&nbsp;<\/p>\n\n\n\n<p>05\/21 : AVS\/LRS im logop\u00e4dsichen Praxisalltag \u2013 Modul I Grundlagen der Diagnostik<\/p>\n\n\n\n<p>10\/21 : logoTalk Grammatiktherapie nach der Kontextoptimierung<\/p>\n\n\n\n<p>10\/21 : LAX VOX Voice Therapie<\/p>\n\n\n\n<p>11\/21 : logoTalk Trachealkan\u00fclenmanagement bei Intensivpatienten<\/p>\n\n\n\n<p>11\/21 : Atemtherapeutische Methoden zur Behandlung respiratorischer und laryngealer Dysfunktionen bei COVID- 19 und Long COVID Patienten<\/p>\n\n\n\n<p>01\/22: logoTalk&nbsp; Logop\u00e4dische Therapie bei Poltern<\/p>\n\n\n\n<p>02\/22 : logoTalk Dysarthrie\/Dysarthrophonier bei Morbus Parkinson<\/p>\n\n\n\n<p>03\/22: logoTalk Dyskalkulie bei Kindern<\/p>\n\n\n\n<p>09\/22: logoTalk Dysphagietherapie im Palliativ \u2013 Setting<\/p>\n\n\n\n<p>10\/22: LSVT Loud Zertifizierungskurs<\/p>\n","protected":false},"excerpt":{"rendered":"<p>seit 2003 \u2013 2019 j\u00e4hrliche Reanimationsschulungen\u00a0 seit 2003 \u2013 2019 alle drei Jahre Brandschutz\u00fcbungen\u00a0 seit 2003 \u2013 20019 j\u00e4hrliche Vortragst\u00e4tigkeit in der Krankenpflegeschule der Elisabethinen 2004 \u2013&hellip; <span class=\"read-more\"><a class=\"more-link\" href=\"https:\/\/logopaedie-berger.at\/index.php\/fortbildungen\/\" rel=\"bookmark\"><span class=\"screen-reader-text\">&#8222;Fortbildungen&#8220;<\/span> weiterlesen<\/a><\/span><\/p>\n","protected":false},"author":1,"featured_media":101,"parent":0,"menu_order":0,"comment_status":"closed","ping_status":"closed","template":"","meta":{"footnotes":""},"class_list":["post-67","page","type-page","status-publish","has-post-thumbnail","hentry"],"_links":{"self":[{"href":"https:\/\/logopaedie-berger.at\/index.php\/wp-json\/wp\/v2\/pages\/67","targetHints":{"allow":["GET"]}}],"collection":[{"href":"https:\/\/logopaedie-berger.at\/index.php\/wp-json\/wp\/v2\/pages"}],"about":[{"href":"https:\/\/logopaedie-berger.at\/index.php\/wp-json\/wp\/v2\/types\/page"}],"author":[{"embeddable":true,"href":"https:\/\/logopaedie-berger.at\/index.php\/wp-json\/wp\/v2\/users\/1"}],"replies":[{"embeddable":true,"href":"https:\/\/logopaedie-berger.at\/index.php\/wp-json\/wp\/v2\/comments?post=67"}],"version-history":[{"count":3,"href":"https:\/\/logopaedie-berger.at\/index.php\/wp-json\/wp\/v2\/pages\/67\/revisions"}],"predecessor-version":[{"id":172,"href":"https:\/\/logopaedie-berger.at\/index.php\/wp-json\/wp\/v2\/pages\/67\/revisions\/172"}],"wp:featuredmedia":[{"embeddable":true,"href":"https:\/\/logopaedie-berger.at\/index.php\/wp-json\/wp\/v2\/media\/101"}],"wp:attachment":[{"href":"https:\/\/logopaedie-berger.at\/index.php\/wp-json\/wp\/v2\/media?parent=67"}],"curies":[{"name":"wp","href":"https:\/\/api.w.org\/{rel}","templated":true}]}}